{"id":724,"date":"2024-12-04T15:34:06","date_gmt":"2024-12-04T15:34:06","guid":{"rendered":"https:\/\/gatomaquia.com\/?page_id=724"},"modified":"2024-12-04T15:34:06","modified_gmt":"2024-12-04T15:34:06","slug":"politica-de-envio","status":"publish","type":"page","link":"https:\/\/gatomaquia.com\/index.php\/politica-de-envio\/","title":{"rendered":"Pol\u00edtica de env\u00edo"},"content":{"rendered":"\n<h1 class=\"wp-block-heading\">\u00a0Toda la informaci\u00f3n sobre el env\u00edo<\/h1>\n\n\n\n<p>Los env\u00edos se realizan a trav\u00e9s de empresas de transporte profesionales.<br><br>El coste de todos los env\u00edos\u00a0 variar\u00e1 en funci\u00f3n del destino, tama\u00f1o y peso del producto adquirido. El importe aparecer\u00e1 especificado durante el proceso de compra antes de realizar el pago o pedidos especiales contactar con <a href=\"mailto:gatomaquia@gmail.com\">gatomaquia@gmail.com<\/a><br><br>Los env\u00edos se realizan entre los martes y los viernes. Los pedidos realizados los s\u00e1bados, domingos y lunes ser\u00e1n expedidos a partir del siguiente martes inmediato a la compra.<br>Tiempos de env\u00edo:<br>&#8211; plazo env\u00edo Nacional: 3-5 d\u00edas laborales<br>&#8211; plazo env\u00edo Internacional Europa: 6-15 d\u00edas laborales<br>&#8211; plazo Internacional extraeuropeo : plazo variable seg\u00fan pa\u00eds. Consultar si urgencia.<br><br>En los casos de env\u00edos internacionales, Canarias, Ceuta y Melilla, el coste de env\u00edo variar\u00e1 de misma forma en funci\u00f3n del destino, tama\u00f1o y peso del producto adquirido. Los impuestos en destino, como aranceles y otros, cuando existan, ser\u00e1n por cuenta del destinatario y se abonar\u00e1n en destino. Galer\u00eda Gatomaquia\u00a0 no se hace responsable de estos posibles costes suplementarios.<br><br>Todos los env\u00edos disponen de un n\u00famero de seguimiento para que el cliente pueda comprobar en qu\u00e9 estado se encuentra su pedido. El tiempo de env\u00edo podr\u00e1 variar en funci\u00f3n del destino.<br><br>Si el comprador desea asegurar la mercanc\u00eda por el importe total de la compra (hasta un m\u00e1ximo de 5.000\u20ac -cinco mil euros-) adem\u00e1s de por da\u00f1os, p\u00e9rdidas o aver\u00eda, deber\u00e1 ponerse en contacto con la galer\u00eda por correo electr\u00f3nico (gatomaquiasoller@gmail.com) o por tel\u00e9fono inmediatamente para informar de dicha situaci\u00f3n. El coste del seguro ser\u00e1 el equivalente al 2% del valor de la mercanc\u00eda.<br><br>Galer\u00eda Gatomaquia no se hace responsable por los errores o perjuicios causados en la entrega cuando la direcci\u00f3n de entrega introducida por el cliente no se ajuste al lugar de entrega deseado por el cliente.<br><br>La entrega se considera efectuada a partir del momento en el cual la obra ha sido puesta a disposici\u00f3n del cliente en el lugar de entrega indicado por el cliente.<br><br>Si en el momento de la entrega de la obra en la direcci\u00f3n indicada por el comprador, \u00e9ste se encontrase ausente, el transportista dejar\u00e1 un aviso indicando c\u00f3mo proceder para concertar una nueva entrega. Si, transcurridos ocho (8) d\u00edas naturales desde la fecha de este primer aviso, el cliente no se pone en contacto con el transportista para concertar una nueva fecha de entrega, las obras ser\u00e1n devueltas a Gatomaquia y el cliente deber\u00e1 hacerse cargo de los gastos de env\u00edo y de retorno. Los gastos de env\u00edo de los art\u00edculos que se deseen cambiar o devolver por correo ser\u00e1n por cuenta del cliente y en ning\u00fan caso Galer\u00eda Gatomaquia aceptar\u00e1 devoluciones enviadas a portes debidos.<\/p>\n\n\n\n<p><br><br><strong>DEVOLUCIONES O CAMBIOS<\/strong><strong><br><\/strong><strong><br><\/strong>El comprador tiene derecho a devolver lo adquirido durante un plazo de 14 d\u00edas naturales. Este plazo se contar\u00e1 a partir del d\u00eda en que el comprador reciba los art\u00edculos adquiridos.<br><br>El comprador debe devolver los bienes antes de 14 d\u00edas desde que comunic\u00f3 su voluntad de desistir. Los gastos de devoluci\u00f3n correr\u00e1n a cargo del comprador. El vendedor s\u00f3lo se har\u00e1 cargo de los gastos de devoluci\u00f3n en caso de mercanc\u00eda defectuosa, en cuyo caso el comprador deber\u00e1 notificarlo en un plazo de 24h desde la recepci\u00f3n del pedido mediante correo electr\u00f3nico a gatomaquiasoller.com<br><br>Si el comprador solicita la devoluci\u00f3n dentro de plazo (14 d\u00edas naturales) se le reembolsar\u00e1 el precio del art\u00edculo en un plazo no superior a los 14 d\u00edas. El comprador tendr\u00e1 la opci\u00f3n, si lo desea, de recibir un cup\u00f3n de compra en la tienda por el monto del producto devuelto o de cambiarlo por un art\u00edculo de igual valor.<br><br>Toda devoluci\u00f3n de los art\u00edculos adquiridos por parte del comprador deber\u00e1n empaquetarse cuidadosamente.<br>El comprador deber\u00e1 devolver el producto con todos los contenidos del embalaje original.<br>No se admitir\u00e1n devoluciones si en los art\u00edculos se observan manchas o da\u00f1os. En el caso de la devoluci\u00f3n de marcos, se prestar\u00e1 especial atenci\u00f3n a que \u00e9stos se encuentren en el mismo estado en el que se envi\u00f3 al comprador.<\/p>\n\n\n\n<h2 class=\"wp-block-heading\">Advertencia para el env\u00edo en el extranjero:<\/h2>\n\n\n\n<p>En los pedidos internacionales pueden producirse impuestos, tasas o aranceles que no est\u00e1n incluidos en el precio total. Los precios de env\u00edo detallados ser\u00e1n recibidos a trav\u00e9s del correo electr\u00f3nico <a href=\"mailto:gatomaquiasoller@gmail.com\">gatomaquiasoller@gmail.com<\/a><\/p>\n\n\n\n<p><\/p>\n","protected":false},"excerpt":{"rendered":"<p>\u00a0Toda la informaci\u00f3n sobre el env\u00edo Los env\u00edos se realizan a trav\u00e9s de empresas de transporte profesionales. El coste de todos los env\u00edos\u00a0 variar\u00e1 en funci\u00f3n del destino, tama\u00f1o y peso del producto adquirido. El importe aparecer\u00e1 especificado durante el proceso de compra antes de realizar el pago o pedidos especiales contactar con gatomaquia@gmail.com Los [&hellip;]<\/p>\n","protected":false},"author":1,"featured_media":0,"parent":0,"menu_order":0,"comment_status":"closed","ping_status":"closed","template":"","meta":{"footnotes":""},"class_list":["post-724","page","type-page","status-publish","hentry"],"blocksy_meta":[],"_links":{"self":[{"href":"https:\/\/gatomaquia.com\/index.php\/wp-json\/wp\/v2\/pages\/724","targetHints":{"allow":["GET"]}}],"collection":[{"href":"https:\/\/gatomaquia.com\/index.php\/wp-json\/wp\/v2\/pages"}],"about":[{"href":"https:\/\/gatomaquia.com\/index.php\/wp-json\/wp\/v2\/types\/page"}],"author":[{"embeddable":true,"href":"https:\/\/gatomaquia.com\/index.php\/wp-json\/wp\/v2\/users\/1"}],"replies":[{"embeddable":true,"href":"https:\/\/gatomaquia.com\/index.php\/wp-json\/wp\/v2\/comments?post=724"}],"version-history":[{"count":1,"href":"https:\/\/gatomaquia.com\/index.php\/wp-json\/wp\/v2\/pages\/724\/revisions"}],"predecessor-version":[{"id":726,"href":"https:\/\/gatomaquia.com\/index.php\/wp-json\/wp\/v2\/pages\/724\/revisions\/726"}],"wp:attachment":[{"href":"https:\/\/gatomaquia.com\/index.php\/wp-json\/wp\/v2\/media?parent=724"}],"curies":[{"name":"wp","href":"https:\/\/api.w.org\/{rel}","templated":true}]}}